
False
Is 159 a factor of 189593349?
True
Is 674 a factor of 619124974?
False
Does 17 divide 412480452?
True
Is 77591813 a multiple of 226?
False
Is 55524371 a multiple of 7?
True
Does 8 divide 1466740064?
True
Does 209 divide 435699583?
True
Is 11 a factor of 25742796?
False
Is 77000550 a multiple of 75?
True
Is 81098043 a multiple of 635?
False
Does 120 divide 69899040?
True
Does 137 divide 504410?
False
Is 53088112 a multiple of 1148?
True
Is 29 a factor of 16575075?
False
Is 2047853241 a multiple of 1827?
True
Is 269 a factor of 126748496?
True
Is 1085826953 a multiple of 14?
False
Does 5 divide 103669?
False
Does 79 divide 18365841?
True
Is 150933114 a multiple of 485?
False
Is 26445490 a multiple of 10?
True
Does 2340 divide 38104560?
True
Is 868727590 a multiple of 22?
False
Does 665 divide 164453835?
True
Is 1114259931 a multiple of 119?
False
Is 98 a factor of 64760262?
True
Does 777 divide 650335791?
True
Does 250 divide 241667500?
True
Is 46 a factor of 492522?
True
Does 743 divide 296789121?
True
Is 116286852 a multiple of 22?
True
Does 25 divide 236524325?
True
Is 2596 a factor of 69063965?
False
Is 4731932726 a multiple of 58?
True
Is 131 a factor of 5161138?
True
Does 5 divide 93895144?
False
Does 1587 divide 34022184?
False
Is 250517006 a multiple of 50?
False
Does 950 divide 1907125000?
True
Is 2848668184 a multiple of 1113?
False
Does 1662 divide 1120377541?
False
Is 43636485 a multiple of 9?
False
Does 1457 divide 183859234?
False
Is 163934400 a multiple of 32?
True
Does 547 divide 285730920?
True
Is 675 a factor of 128477475?
True
Does 476 divide 118312957?
False
Does 440 divide 1987480?
True
Is 290974379 a multiple of 688?
False
Does 1802 divide 39879122?
False
Is 7 a factor of 78618694?
True
Is 153 a factor of 125996112?
True
Is 632339295 a multiple of 43?
True
Does 25 divide 3276742699?
False
Is 290 a factor of 1443053340?
True
Is 1876122472 a multiple of 1387?
False
Is 32 a factor of 38463858?
False
Is 1134 a factor of 25931178?
True
Is 62 a factor of 647296120?
True
Is 81478749 a multiple of 23?
False
Does 195 divide 962499081?
False
Is 141145305 a multiple of 10?
False
Does 271 divide 6261108?
False
Is 7620431 a multiple of 7?
True
Is 11783 a factor of 3059407567?
False
Does 24 divide 2876884400?
False
Does 354 divide 5931872?
False
Is 15 a factor of 2409108240?
True
Is 119 a factor of 48245694?
True
Is 291 a factor of 48691866?
True
Is 42 a factor of 2118311488?
False
Is 50065680 a multiple of 210?
True
Is 456 a factor of 142897733?
False
Is 8 a factor of 249118032?
True
Is 1160 a factor of 422743914?
False
Is 195526928 a multiple of 16?
True
Is 1888 a factor of 342520960?
True
Is 6771240 a multiple of 42?
True
Is 88 a factor of 344801512?
True
Is 52672526 a multiple of 3989?
False
Is 165 a factor of 15899400?
True
Does 80 divide 30098435?
False
Does 15 divide 20440200?
True
Does 28 divide 47168643?
False
Is 76673727 a multiple of 9?
True
Is 70113174 a multiple of 17?
False
Is 126 a factor of 1427894370?
True
Does 29 divide 243941818?
False
Is 54 a factor of 1058720706?
True
Is 1465 a factor of 57961260?
True
Is 49198800 a multiple of 240?
True
Is 179058073 a multiple of 31?
False
Is 120 a factor of 110932887?
False
Is 1036 a factor of 298648939?
False
Is 2533 a factor of 2301330542?
False
Is 1777 a factor of 47938088?
False
Does 8846 divide 4577300778?
True
Does 13 divide 155032787?
True
Does 809 divide 838339650?
False
Is 186 a factor of 421981548?
True
Is 2046132336 a multiple of 48?
True
Does 579 divide 8930029?
False
Is 54 a factor of 397616342?
False
Is 275302928 a multiple of 82?
False
Is 341 a factor of 5740053?
True
Does 41 divide 298936084?
True
Is 61172914 a multiple of 114?
False
Does 675 divide 427793290?
False
Does 511 divide 4590313?
True
Is 123 a factor of 44446788?
True
Is 463305488 a multiple of 136?
True
Does 34 divide 10934536?
True
Is 7 a factor of 51284074?
False
Is 307 a factor of 18588850?
True
Is 7512509 a multiple of 31?
True
Does 387 divide 52298406?
True
Does 128 divide 71433728?
True
Is 33 a factor of 11695815?
False
Does 117 divide 17714853?
True
Does 8 divide 37032447?
False
Does 132 divide 32441640?
True
Is 2072 a factor of 981479464?
True
Is 5 a factor of 115145856?
False
Is 37055839 a multiple of 8?
False
Is 5982 a factor of 357861186?
True
Is 3 a factor of 3726381?
True
Does 20 divide 3988800?
True
Does 1165 divide 223479620?
True
Is 1139768414 a multiple of 619?
True
Is 39 a factor of 3871185318?
True
Does 29 divide 443438101?
True
Does 187 divide 788757482?
False
Is 140 a factor of 61299420?
True
Does 1947 divide 3437938614?
True
Does 96 divide 55539936?
True
Is 733188 a multiple of 4?
True
Is 34051296 a multiple of 32?
True
Is 1572 a factor of 99894929?
False
Is 101057541 a multiple of 397?
True
Is 341 a factor of 512847973?
True
Is 6024990 a multiple of 1145?
True
Is 31 a factor of 1275371?
True
Is 49 a factor of 11083313?
False
Is 379390740 a multiple of 260?
False
Is 4888170 a multiple of 630?
True
Is 21816813 a multiple of 6?
False
Does 218 divide 71796120?
True
Does 6 divide 2011328804?
False
Does 9 divide 609510636?
True
Is 70205465 a multiple of 78?
False
Is 7375251 a multiple of 13?
True
Is 4324 a factor of 179303308?
True
Does 22 divide 104203172?
False
Is 581 a factor of 7664628?
False
Is 74 a factor of 111610818?
False
Is 1549 a factor of 1495675675?
True
Is 233 a factor of 14594188?
True
Is 388771691 a multiple of 4403?
True
Does 4 divide 7084664?
True
Is 70100716 a multiple of 108?
False
Does 42 divide 55561548?
True
Is 626 a factor of 1269752166?
False
Is 43 a factor of 144778595?
False
Is 12 a factor of 2200496388?
True
Does 15 divide 145682896?
False
Does 47 divide 401750313?
True
Is 145336560 a multiple of 120?
True
Does 4280 divide 217543840?
True
Is 826 a factor of 18503813?
False
Is 18280268 a multiple of 1837?
False
Is 1770 a factor of 15517590?
True
Does 707 divide 196482370?
True
Is 9 a factor of 1056597587?
False
Is 320329392 a multiple of 984?
True
Is 880371300 a multiple of 150?
True
Is 5819 a factor of 105387909?
True
Does 616 divide 43380568?
True
Is 57 a factor of 16888705?
False
Is 3640064 a multiple of 32?
True
Is 2213414208 a multiple of 3834?
True
Is 315 a factor of 892632195?
True
Does 14 divide 151097108?
False
Is 27 a factor of 110136024?
True
Is 39 a factor of 358267494?
True
Does 19 divide 224542304?
True
Does 14379 divide 7710134832?
True
Does 608 divide 8906592?
True
Is 26 a factor of 293429682?
True
Does 3070 divide 178081490?
True
Is 146184952 a multiple of 171?
False
Does 26 divide 452968516?
True
Is 74 a factor of 166628460?
False
Does 527 divide 118698318?
True
Is 2066223351 a multiple of 5242?
False
Is 81 a factor of 939753918?
False
Is 84649280 a multiple of 3549?
False
Is 3527015 a multiple of 53?
False
Is 62231257 a multiple of 158?
False
Is 192 a factor of 5288832?
True
Does 895 divide 1673650?
True
Does 282 divide 112172055?
False
Is 17798746 a multiple of 27?
False
Is 1073 a factor of 32635295?
True
Is 27791823 a multiple of 377?
False
Is 256866876 a multiple of 666?
True
Is 539908804 a multiple of 23?
False
Is 24641125 a multiple of 155?
True
Does 23 divide 86948012?
False
Does 558 divide 162230688?
True
Is 4939751 a multiple of 398?
False
Does 91 divide 3112268791?
False
Does 34 divide 978385992?
False
Is 8434805 a multiple of 1413?
False
Does 1218 divide 516893622?
True
Is 22631979 a multiple of 364?
False
Does 6494 divide 2402729431?
False
Does 925 divide 85584130?
False
Is 1973 a factor of 3318586?
True
Is 916 a factor of 54282176?
False
Is 11 a factor of 39428707?
False
Does 6 divide 492895038?
True
Does 3906 divide 283649814?
True
Is 36041191 a multiple of 955?
False
Does 695 divide 2013943200?
True
Does 123 divide 3419902701?
True
Is 1033729515 a multiple of 100?
False
Is 111055514 a multiple of 9?
False
Does 617 divide 392124740?
False
Does 436 divide 18705843?
False
Does 758 divide 580219941?
False
Is 41 a factor of 2117123?
False
Is 193920155 a multiple of 13?
True
Is 45 a factor of 282642202?
False
Is 9603792 a multiple of 108?
True
Is 1486275 a multiple of 3?
True
Does 2 divide 3242627?
False
Does 2940 divide 698690961?
False
Is 17 a factor of 10582993?
True
Does 48 divide 19171447?
False
Does 49 divide 1193565